4).
6
What is the value of 4 - -4 - (7 + 1 + -4)?
4
What is -5 + 6 + (3 - 0) + -4?
0
-1 - -3 - (-3 + 1 + 1)
3
Evaluate (5 + -1 - (-21 - -24)) + 1.
2
Calculate 5 - ((3 - 5) + 3 + 2).
2
What is (1 - 3 - 2) + 4?
0
Calculate (2 - 2) + (4 - 3 - -1).
2
(1 - 0) + (2 - 3) - -3
3
(-1 - (13 - 7)) + (6 - 2)
-3
What is the value of (7 - 3) + 13 + -11?
6
Calculate -2 - (3 + -7) - 7.
-5
What is the value of 2 + (0 - -3 - (-5 - -10))?
0
Evaluate (-12 - -10) + (-1 - -2).
-1
(5 - (7 + -2)) + (10 - 0)
10
3 + -3 + 3 - 5
-2
What is (4 - (10 - -1)) + 1?
-6
Calculate 1 + 0 + 2 - (-5 - -3).
5
What is the value of -4 - (-2 - (-1 - (5 - 2)))?
-6
Calculate 8 - ((11 - 4) + -2).
3
What is the value of 0 + 5 - (-2 + (3 - -6))?
-2
Evaluate (3 - (2 + -3)) + (0 - 3).
1
-4 + -2 + (-7 - -7) - -13
7
What is 10 - (-1 + 1 - -6)?
4
Calculate -3 - (-6 - (-2 + 2) - -11).
-8
Calculate -10 + (-1 - -8) + 5.
2
Evaluate -2 + (-9 - -4 - -6).
-1
What is the value of 2 + (3 + -1 - 1) - 6?
-3
What is 18 + -32 - (-2 + -22)?
10
Calculate -3 + -2 - (-12 - (4 + -7)).
4
(2 - (5 + 3)) + 2
-4
(18 - 10) + 4 - 9
3
What is the value of -2 + -1 + (5 - 8)?
-6
-3 + (-7 - -10) + 6 + -2
4
Evaluate -9 - (-3 - (5 + -4)).
-5
What is the value of -67 + 79 - (9 + 0)?
3
Calculate 11 - ((-5 - -10) + 2).
4
Evaluate -12 + 1 - -6 - (2 - -1).
-8
(-7 - 0 - -3) + 37 + -25
8
Calculate 1 - (-8 - (5 - 10)).
4
Evaluate 11 - 10 - -2 - (-1 + 3).
1
Evaluate 3 + 3 - 4 - (9 + -13).
6
Calculate -3 - 0 - (-11 + -1 - -6).
3
-6 + (3 - -2 - -2)
1
What is the value of (-28 - -28) + -1 + 4?
3
Evaluate 39 - 49 - (-12 - 1).
3
(-3 - -3) + -1 + 2 + 0
1
What is 5 - 3 - (4 - 6)?
4
Calculate (-8 + -1 - -5) + (7 - 4).
-1
What is -6 - (-14 - (0 - 7))?
1
Evaluate -10 + (8 - 3) - -3.
-2
What is -1 - 1 - (-5 - -6)?
-3
What is -2 - (0 - ((-3 - -2) + 0))?
-3
Evaluate -6 + (6 - 7) - -7.
0
What is (-6 - -2 - -10 - 12) + 2?
-4
Calculate (4 - 18) + (-2 - -7) - 0.
-9
What is the value of 13 - (-5 - (-18 - (-9 - -3)))?
6
15 + -18 + 7 + 5
9
2 + -1 + -1 - (-6 + 10)
-4
What is -25 + 29 - (-3 - (-1 + -2))?
4
Evaluate (8 - (-3 + 7)) + -4 + 4.
4
Calculate 1 + -2 + (1 + -9 - -9).
0
What is the value of (-7 - (1 + -6)) + -1 + -3?
-6
Evaluate 41 + -33 - (2 - -1).
5
What is 0 - (-4 - (4 + 0 + -3))?
5
-4 + (-1 - -1) + (24 - 18)
2
Calculate 0 + -10 + -60 + 70.
0
Calculate -3 + (0 - (0 - 1)).
-2
What is the value of (-3 - -4) + -2 + -2 + 6?
3
What is -1 - (2 + (-1 - -2 - 1))?
-3
Calculate 9 + (-1 + 5 - 10).
3
What is the value of -3 + -2 + -1 - (-37 + 28)?
3
Calculate 0 - (0 + -5) - (135 + -125).
-5
What is the value of 0 - (1 + -2 + 0 + 1)?
0
Calculate -6 - ((1 - 15) + 6 + -3).
5
What is the value of (-7 - -10) + (-3 - -6) + -2?
4
4 + -1 - (-3 - 3 - -4)
5
What is (2 - -1) + 1 + (-8 - -6)?
2
Calculate 7 - 9 - (-3 + -4).
5
What is the value of -1 + -2 - (-2 - 1)?
0
What is the value of (-1 - 5) + 11 - (1 - 1)?
5
-2 - (-12 - -10 - -2)
-2
-4 - (1 + -2 - -1)
-4
What is the value of 2 - (-5 + 9 - -5)?
-7
9 + -11 + 10 + (-8 - -1)
1
What is (5 - -2) + 68 + -83?
-8
Calculate 2 + 6 + -9 - -7.
6
Calculate (21 - 14) + -1 + -1.
5
Calculate 8 - (2 + -4) - (-1 - -5).
6
(5 + -1 - 5) + -4 + 3
-2
(24 - 24) + (-2 - (-1 + -3))
2
4 - (4 - 1) - (2 - 4)
3
(-3 - -3) + -4 - 2
-6
What is 1 + 0 + (-4 - (3 - 8))?
2
What is (1 - 1 - -5 - 1) + -7?
-3
Calculate -3 + 8 + (7 - 9).
3
3 + -6 + 2 + 3
2
What is the value of -22 + 13 + -4 - -11?
-2
Evaluate 5 - (1 + -1 - -3).
2
What is the value of 0 - -6 - (0 + 6)?
0
0 - 4 - -2 - -4
2
What is -9 - (0 + (-8 - -6))?
-7
-3 + -4 + (-7 + 2 - -7)
-5
Evaluate 15 + (-6 - 0) - 6.
3
What is 2 - -1 - (-25 + 25)?
3
Calculate (-4 - (-1 + 2)) + 0 + 1.
-4
Calculate 3 - 11 - -3 - 0.
-5
3 - (9 - (9 + -5))
-2
What is the value of -3 - (6 + 0 - 9)?
0
-1 + (-4 - -1) - (-131 - -128)
-1
Evaluate 0 + (-9 - (-12 - -8)) + 13.
8
Calculate -3 + -3 - -3 - 3 - 0.
-6
8 - (10 - 9) - (3 + 1)
3
3 - (1 + 1 - 1)
2
What is (-6 - -3) + (-10 - -9)?
-4
Evaluate 2 - (-3 + 4 + 9).
-8
What is the value of 1 + (-1 + -2 - -2)?
0
What is -15 + 16 + -4 + 4 + -2?
-1
-7 + 2 - (0 + 5 - 5)
-5
What is (-2 - 7) + 3 + -1?
-7
What is the value of -3 - 1 - (3 - 2)?
-5
Calculate 1 + -1 + (3 - 0).
3
What is 28 - 41 - (2 - 9)?
-6
(10 - 13) + (-1 - -1)
-3
What is the value of -8 - (0 - (8 - 5))?
-5
Calculate -10 - -1 - (5 + 0 + -10).
-4
What is -1 - (-1 + -7 + 14)?
-7
-2 - (3 + -2) - -4
1
Evaluate 9 - 6 - 0 - 1.
2
Evaluate 1 - (-6 - (-4 + 1)).
4
9 + -10 - (-11 + 7)
3
What is the value of (-4 - (0 + -3) - 0) + -2?
-3
What is -3 + -1 + 3 + (6 - 3)?
2
(4 - (3 + 1)) + 4 + -7
-3
What is 0 + (-1 - -3) + -3?
-1
What is the value of -14 + (10 - (-1 - -14 - 7))?
-10
Calculate 2 + 1 + -1 + -3.
-1
Evaluate -3 + (-6 - -3) + -4 - -4.
-6
What is -3 + -2 + -1 + 2?
-4
What is the value of -1 + 1 + 66 + -62?
4
Calculate (-3 - 3) + (10 - (9 + -15)).
10
Calculate (20 - 24) + (2 - -4).
2
Calculate (5 - -1) + -4 - 5.
-3
-19 - -11 - (0 + -4 + 0)
-4
What is 4 - (-1 + -3 - 0 - -2)?
6
What is 3 + (0 - 1 - (-12 - -8))?
6
What is 74 - 74 - (-1 - -1)?
0
0 + (1 - (10 - (1 - -4)))
-4
What is the value of 2 - (-1 - 2 - (2 + -2))?
5
Calculate -6 + (-1 - -7 - -4).
4
Evaluate 21 + -30 - (1 - 6).
-4
6 + -2 + -2 + -1 + 5
6
Calculate (3 - (-3 - (4 - 11))) + -2.
-3
What is -52 + 47 + 5 + (2 - 5)?
-3
(-11 - 9) + 16 + -1 + 1
-4
What is 0 + 8 + (9 + -3 - 13)?
1
Calculate -3 + (1 - (4 + 3 + -8)).
-1
(-4 - -9) + (1 - 15 - -1)
-8
(5 - 1) + 15 + -14
5
Calculate (-2 - -6) + (1 - 5).
0
What is the value of -9 - (14 + -1 + -12)?
-10
-2 + 13 + (91 - 94)
8
Calculate 0 - (-5 - (-4 + 2) - -6).
-3
Evaluate 5 - (7 + -3 - 3) - -4.
8
What is 3 + (-13 + 12 - (2 - 1))?
1
Evaluate -4 - (-3 - (-5 + 5)).
-1
0 - -2 - ((2 - -5) + -12)
7
-3 + (-2 - (-2 - -2))
-5
5 + -27 - -26 - (-1 + 1)
4
(12 - -11) + -11 - 17
-5
(4 - (-3 + -2 + 11)) + 3
1
Evaluate (3 + -6 - 2) + 2 + -1.
-4
Evaluate -18 - ((-1 - -6) + -15).
-8
Evaluate 2 + 0 + -1 + 3.
4
What is (12 - 9) + 0 + 2?
5
(-3 - (2 + 0 - 2)) + 1
-2
Evaluate 10 + -9 + 9 + -2.
8
What is -1 + 9 + -7 + 1?
2
What is the value of (-1 + -3 - -2) + 4?
2
What is the value of (3 - 4) + -1 + -5 + 3?
-4
What is (9 - 4) + -10 + 0?
-5
What is 11 + 5 + -12 + -8?
-4
(0 - 3) + (11 - 6 - 3)
-1
Evaluate (-12 - (-18 - -11)) + 8.
3
Calculate 3 + -7 - (0 + 1).
-5
Calculate 1 + -5 + 5 + 0 + 0.
1
Evaluate (0 - -1) + 1 + 2 + -6.
-2
(1 - (4 + -1)) + 7
5
Calculate 6 + -1 + -6 - -5.
4
Calculate -25 + 22 - (-4 + 1).
0
Calculate (-6 - -7) + (-4 - 1).
-4
Calculate -3 + (-1 - (-2 + 1)) + -1.
-4
What is the value of 6 + (-1 - 1) - (-1 + 5)?
0
Evaluate (-1 - -3) + (1 - (-3 - -4)).
2
What is 2 + -2 + 2 + -7 + -2?
-7
Evaluate (4 - (4 + -4)) + -3.
1
10 + 8 + -2 + (47 - 61)
2
Calculate 7 + (-5 - -5 - 5) + 4.
6
(-6 - -3) + -2 + -2 + 5
-2
Calculate -3 + (0 - 2) + 7.
2
Evaluate -23 - -25 - (-4 + 0).
6
What is the value of 2 + (-7 - (2 - 5))?
-2
Calculate -9 - (14 + -6 + -19).
2
What is the value of 3 + (12 - 8) + -7?
0
Calculate 2 + 0 - (-8 + 10).
0
What is the value of (-1 - 0) + 23 + -20?
2
3 - (-1 + (3 - -6))
-5
(-3 - -1) + 7 - (1 - -5)
-1
Calculate 2 - 0 - (-3 - -5) - -1.
1
What is the value of -3 - 1 - 2 - (-1 + -2)?
-3
Calculate (0 - 6) + (4 - (5 + -2)).
-5
Evaluate -3 + (0 - -2 - -2).
1
Evaluate -7 + (3 - 0 - 0).
-4
What is the value of 8 - 11 - (2 + -4)?
-1
Calculate 2 + (-2 - -3) - (-2 + 0).
5
Calculate -83 + 94 - (7 - 1).
5
Evaluate 2 + 4 + 7 + -5 + -4.
4
Calculate (-8 - (0 + 5 - 3)) + 5.
-5
What is -6 - (-7 + 2) - -5?
4
What is the value of -12 - -6 - (-7 + 2)?
-1
What is 4 - (7 + -16 + 5 + 3)?
5
What is the value of 6 + -10 + 1 + 11 + -6?
2
Calculate 21 - 23 - (4 + -11).
5
Evaluate 0 + 8 + (-3 - 0).
5
What is -4 + (-2 - -6) - 5?
-5
What is 3 - (4 - (0 + 0)) - 4?
-5
2 - -3 - (-2 + 2) - -1
6
What is -3 + 7 + 2 + -2?
4
What is -4 - -3 - -4 - 6?
-3
What is the value of -8 - (-10 - 2) - (5 + -5)?
4
What is the value of (-2 - -1) + 2 - (6 + -2)?
-3
-3 - 2 - (-19 + 13)
1
Evaluate 0 + 4 - ((1 - 0) + -3).
6
What is -3 + 0 + (-1 - 1)?
-5
Calculate 0 + (6 + -1 - 2).
3
Evaluate 4 + 2 - (13 + -8 + 0).
1
What is -12 + 6 + -3 - -6?
-3
What is 7 + -12 - (2 + -12)?
5
(12 - 11 - 15) + 6
-8
Calculate 3 + (-1 - -2 - (-20 + 23)).
1
Evaluate (4 - (0 + 5)) + (0 - -1).
0
Calculate 1 + 0 + -5 - (3 + -7).
0
11 + -14 - (-2 + -2)
1
Calculate (2 - (-6 + 0)) + -8.
0
2 + (9 - 8) + -2
1